{"id":119,"date":"2020-04-05T14:18:46","date_gmt":"2020-04-05T17:18:46","guid":{"rendered":"https:\/\/www.aquarismomarinho.com.br\/blog\/?page_id=119"},"modified":"2020-04-05T14:51:23","modified_gmt":"2020-04-05T17:51:23","slug":"termos-de-uso","status":"publish","type":"page","link":"https:\/\/www.aquarismomarinho.com.br\/blog\/termos-de-uso\/","title":{"rendered":"Termos de uso"},"content":{"rendered":"\n<p>Estes termos de servi\u00e7o regulam o uso deste site. Ao acess\u00e1-lo voc\u00ea concorda com estes termos. Por favor, consulte regularmente os nossos termos de servi\u00e7o.<\/p>\n\n\n\n<h3 class=\"wp-block-heading\">Acesso ao site<\/h3>\n\n\n\n<p>Para acessar a esse site ou alguns dos recursos que ele oferece, pode ser requerido que voc\u00ea forne\u00e7a alguns detalhes para inscri\u00e7\u00e3o ou outras informa\u00e7\u00f5es. \u00c9 uma condi\u00e7\u00e3o de uso deste site que toda a informa\u00e7\u00e3o que voc\u00ea forne\u00e7a seja correta, atualizada e completa. Se a Empresa acreditar que a informa\u00e7\u00e3o que a informa\u00e7\u00e3o fornecida n\u00e3o \u00e9 correta, atualizada ou completa, temos o direito de recusar o seu acesso a esse site ou qualquer um de seus servi\u00e7os e tamb\u00e9m de cancelar ou suspender seu acesso a qualquer tempo sem notifica\u00e7\u00e3o pr\u00e9via.<\/p>\n\n\n\n<h3 class=\"wp-block-heading\">Restri\u00e7\u00f5es de uso<\/h3>\n\n\n\n<p>Voc\u00ea s\u00f3 poder\u00e1 usar este site para prop\u00f3sitos permitidos por n\u00f3s. Voc\u00ea n\u00e3o poder\u00e1 us\u00e1-lo em qualquer outro objetivo, especialmente comercial, sem o nosso consentimento pr\u00e9vio. N\u00e3o associe nossas marcas a nenhuma outra. N\u00e3o exponha nosso nome, logotipo, logomarca entre outros, indevidamente e de forma a causar confus\u00e3o.<\/p>\n\n\n\n<h3 class=\"wp-block-heading\">Propriedade da Informa\u00e7\u00e3o<\/h3>\n\n\n\n<p>O material e conte\u00fado (referido nesse documento como \u201cconte\u00fado\u201d) acess\u00edveis neste site e qualquer outro web site de propriedade, licenciado ou controlado pela nossa Empresa pertence \u00e0 Empresa ou da fonte que forneceu o conte\u00fado \u00e0 nossa Empresa, e nossa Empresa ou a fonte em quest\u00e3o det\u00e9m todo o direito, t\u00edtulo e proveito no Conte\u00fado. Da mesma forma, o conte\u00fado n\u00e3o pode ser copiado, distribu\u00eddo, republicado, carregado, postado ou transmitido por qualquer meio sem o consentimento pr\u00e9vio escrito de nossa Empresa, ou ao menos que esteja autorizado de forma escrita no nosso site, exceto quando voc\u00ea imprime uma c\u00f3pia para seu uso pessoal somente. Ao fazer isso, voc\u00ea n\u00e3o pode remover, alterar ou causar remo\u00e7\u00e3o ou altera\u00e7\u00e3o em qualquer copyright, marca comercial, nome comercial, marca de servi\u00e7o ou qualquer outro aviso de propriedade no Conte\u00fado. Modifica\u00e7\u00e3o ou uso do Conte\u00fado em qualquer outra forma que n\u00e3o as expressamente descritas nesse Termo de Uso viola os direitos de propriedade intelectual de nossa Empresa. Nem autoria nem a propriedade intelectual s\u00e3o transferidas para voc\u00ea ao acessar esse site.<\/p>\n\n\n\n<h3 class=\"wp-block-heading\">Hiperlinks<\/h3>\n\n\n\n<p>Este site pode conter links para outros websites que n\u00e3o s\u00e3o mantidos ou relacionados \u00e0 nossa empresa. N\u00e3o somos respons\u00e1veis pelo conte\u00fado destes links. O usu\u00e1rio assume completamente o risco ao acessar estes hyperlinks.<\/p>\n\n\n\n<h3 class=\"wp-block-heading\">Coment\u00e1rios<\/h3>\n\n\n\n<p>Ao postar algum coment\u00e1rio ou depoimento em nosso site voc\u00ea autoriza a publica\u00e7\u00e3o do mesmo em qualquer lugar que desejarmos, a fim de cooperar com a divulga\u00e7\u00e3o de nossos produtos.<\/p>\n\n\n\n<h3 class=\"wp-block-heading\">Aviso Legal<\/h3>\n\n\n\n<p>Voc\u00ea entende que nossa Empresa n\u00e3o pode e n\u00e3o garante que arquivos dispon\u00edveis para download da Internet estejam livres de v\u00edrus, worms, cavalos de Tr\u00f3ia ou outro c\u00f3digo que possa manifestar propriedades contaminadoras ou destrutivas. Voc\u00ea \u00e9 respons\u00e1vel por implementar procedimentos e checkpoints suficientes para satisfazer seus requisitos de seguran\u00e7a e por manter meios externos a este site para reconstru\u00e7\u00e3o de qualquer dado perdido. Nossa Empresa n\u00e3o assume nenhuma responsabilidade ou risco pelo uso da internet.<\/p>\n\n\n\n<p>O Conte\u00fado n\u00e3o \u00e9 necessariamente completo e atualizado e n\u00e3o deve ser usado para substituir quaisquer relat\u00f3rios, declara\u00e7\u00f5es ou avisos dados pela Empresa. Investidores, colaboradores e outros devem usar o Conte\u00fado da mesma maneira que qualquer outro ambiente educacional e n\u00e3o deve confiar somente no Conte\u00fado em detrimento de seu pr\u00f3prio julgamento profissional. A informa\u00e7\u00e3o obtida ao usar este site n\u00e3o \u00e9 completa e n\u00e3o cobre todas as quest\u00f5es, t\u00f3picos ou fatos que possam ser relevantes para seus objetivos.<\/p>\n\n\n\n<h3 class=\"wp-block-heading\">Limita\u00e7\u00e3o de responsabildiade<\/h3>\n\n\n\n<p>A EMPRESA, SUAS FILIAIS, AFILIADOS, LICENCIANTES, PROVEDORES DE SERVI\u00c7O, PROVEDORES DE CONTE\u00daDO, EMPREGADOS, AGENTES, ADMINISTRADORES E DIRETORES N\u00c3O SER\u00c3O RESPONS\u00c1VEIS POR QUALQUER DANO EVENTUAL, DIRETO, INDIRETO, PUNITIVO, REAL, CONSEQUENTE, ESPECIAL, EXEMPLAR OU DE QUALQUER OUTRO TIPO, INCLUINDO PERDA DE RECEITA OU RENDA, DOR E SOFRIMENTO, ESTRESSE EMOCIONAL OU SIMILARES MESMO QUE A EMPRESA TENHA ACONSELHADO SOBRE A POSSIBILIDADE DE TAIS DANOS. DE NENHUMA FORMA A RESPONSABILDIADE COLETIVA DA EMPRESA E SUAS FILIAIS, AFILIADOS, LICENCIANTES, PROVEDORES DE SERVI\u00c7O, PROVEDORES DE CONTE\u00daDO, EMPREGADOS, AGENTES, ADMINISTRADORES E DIRETORES EM RELA\u00c7\u00c3O A TERCEIROS (INDEPENDENTE DO TIPO DE A\u00c7\u00c3O, SEJA POR CONTRATO OU QUALQUER OUTRO) EXCEDER\u00c1 A QUANTIA DE R$100 OU O VALOR PAGO \u00c0 EMPRESA POR TAL CONTE\u00daDO, PRODUTO OU SERVI\u00c7O DO QUAL A QUEST\u00c3O TENHA SIDO LEVANTADA.<\/p>\n\n\n\n<h3 class=\"wp-block-heading\">Indeniza\u00e7\u00e3o<\/h3>\n\n\n\n<p>Voc\u00ea vai indenizar e isentar a Empresa, suas filiais, afiliados, licenciantes, provedores de servi\u00e7o, provedores de conte\u00fado, empregados, agentes, administradores e diretores (referidas agora como Partes Isentas) de qualquer viola\u00e7\u00e3o desse Termo de Uso por voc\u00ea, incluindo o uso do Conte\u00fado diferente do expresso aqui. Voc\u00ea concorda que as Partes Isentas n\u00e3o t\u00eam responsabilidade ou conex\u00e3o com qualquer viola\u00e7\u00e3o ou uso n\u00e3o autorizado e voc\u00ea concorda em remediar toda e qualquer perda, dano, julgamento, pr\u00eamios, custo, despesas e honor\u00e1rios advogat\u00edcios das Partes Isentas ligadas a viola\u00e7\u00e3o. Voc\u00ea tamb\u00e9m indenizar\u00e1 e isentar\u00e1 as Partes Isentas de qualquer reivindica\u00e7\u00e3o de terceiros resultante do uso da informa\u00e7\u00e3o contida neste site.<\/p>\n\n\n\n<h3 class=\"wp-block-heading\">Marcas registradas<\/h3>\n\n\n\n<p>Marcas e logos presentes neste site s\u00e3o propriedade da empresa ou da parte que as disponibilizaram para a empresa. A empresa e as partes que disponibilizaram marca e logo det\u00e9m todos os direitos sobre as mesmas.<\/p>\n\n\n\n<h3 class=\"wp-block-heading\">Informa\u00e7\u00e3o provida pelo usu\u00e1rio<\/h3>\n\n\n\n<p>Voc\u00ea n\u00e3o pode publicar enviar, apresentar ou fazer conex\u00e3o a esse site qualquer material que:<\/p>\n\n\n\n<p>Voc\u00ea n\u00e3o tenha o direito de postar, incluindo material de propriedade de terceiros defenda atividade ilegal ou discutir a inten\u00e7\u00e3o de fazer algo ilegal; seja vulgar, obsceno, pornogr\u00e1fico ou indecente n\u00e3o diga respeito diretamente a este site; possa amea\u00e7ar ou insultar outros, difamar, caluniar, invadir privacidade, perseguir, ser obsceno, pornogr\u00e1fico, racista, assediar ou ofender; busca explorar ou prejudicar crian\u00e7as expondo-as a conte\u00fado inapropriado, perguntar sobre informa\u00e7\u00f5es pessoais ou qualquer outro do tipo; infrinja qualquer propriedade intelectual ou outro direito de pessoa ou entidade, incluindo viola\u00e7\u00f5es de direitos autorais,marca registrada ou direitos de publicidade; violam qualquer lei ou podem ser considerados para violar a lei; personifique ou deturpar sua conex\u00e3o com qualquer entidade ou pessoa; ou ainda manipula t\u00edtulos ou identificadores para encobrir a origem do conte\u00fado promova qualquer empreendimento comercial (ex: oferecer produtos ou servi\u00e7os em promo\u00e7\u00e3o) ou que engaje de qualquer forma em uma atividade comercial (ex: realizar sorteios ou concursos, expor banners patrocinadores e\/ou solicitar bens e servi\u00e7os) exceto que especificamente autorizado neste site; solicitar fundos, divulga\u00e7\u00f5es ou patrocinadores; inclua programas com v\u00edrus, worms e\/ou Cavalos de Tr\u00f3ia ou qualquer outro c\u00f3digo, arquivo ou programa de computador destinado a interromper, destruir ou limitar a funcionalidade de qualquer software ou hardware de computador ou telecomunica\u00e7\u00f5es; interrompa o fluxo normal da conversa, fa\u00e7a com que a tela \u201crole\u201d mais r\u00e1pido que os os outros usu\u00e1rios conseguem acompanhar ou mesmo agir de modo a afetar a habilidade de outras pessoas de se engajar em atividades em tempo real neste site; inclua arquivos em formato MP3 desobede\u00e7a qualquer pol\u00edtica ou regra estabelecida de tempos em tempos para o uso desse site ou qualquer rede conectada a ele; ou contenha hiperlinks para sites que contenham conte\u00fado que se enquadrem nas descri\u00e7\u00f5es acima.<\/p>\n\n\n\n<p>Mesmo sem a obriga\u00e7\u00e3o de faze-lo, nossa Empresa reserva o direito de monitorar o uso deste site para determinar o cumprimento desse Termo de Uso assim como o de remover ou vetar qualquer informa\u00e7\u00e3o por qualquer raz\u00e3o. De qualquer forma voc\u00ea \u00e9 completamente respons\u00e1vel pelo conte\u00fado de seus envios. Voc\u00ea sabe e concorda que nem a Empresa ou qualquer terceiro provendo conte\u00fado para a Empresa assumir\u00e1 qualquer responsabilidade por nenhuma a\u00e7\u00e3o ou ina\u00e7\u00e3o da Empresa ou referido terceiro a respeito de qualquer envio.<\/p>\n\n\n\n<h3 class=\"wp-block-heading\">Seguran\u00e7a<\/h3>\n\n\n\n<p>Toda senha usada para este site \u00e9 somente para uso individual. Voc\u00ea \u00e9 respons\u00e1vel pela seguran\u00e7a de sua senha (se for o caso). A Empresa tem o direito de monitorar a seguran\u00e7a de sua senha e ao seu crit\u00e9rio pode pedir que voc\u00ea a mude. Se voc\u00ea usar qualquer senha que a Empresa considere insegura, a Empresa tem o direito de requisitar que a senha seja modificada e\/ou cancelar a sua conta.<\/p>\n\n\n\n<p>\u00c9 proibido usar qualquer servi\u00e7o ou ferramenta conectada a este site para comprometer a seguran\u00e7a ou mexer com os recursos do sistema e\/ou contas. O uso ou distribui\u00e7\u00e3o de ferramentas destinadas para comprometer a seguran\u00e7a (ex: programas para descobrir senha, ferramentas de crack ou de sondagem da rede) s\u00e3o estritamente proibidos. Se voc\u00ea estiver envolvido em qualquer viola\u00e7\u00e3o da seguran\u00e7a do sistema, a Empresa se reserva o direito de fornecer suas informa\u00e7\u00f5es para os administradores de sistema de outros sites para ajud\u00e1-los a resolver incidentes de seguran\u00e7a. A Empresa se reserva o direito de investigar potenciais viola\u00e7\u00f5es a esse Termo de Uso.<\/p>\n\n\n\n<p>A Empresa se reserva o direito de cooperar totalmente com as autoridades competentes ou pedidos da justi\u00e7a para que a Empresa revele a identidade de qualquer pessoa que publique e-mail, mensagem ou disponibilize qualquer material que possa violar esse Termo de Uso.<\/p>\n\n\n\n<p>AO ACEITAR ESSE ACORDO VOC\u00ca ISENTA A EMPRESA DE QUALQUER CONSEQU\u00caNCIA RESULTANTE DE QUALQUER A\u00c7AO DA EMPRESA DURANTE OU COMO RESULTADO DE SUAS INVESTIGA\u00c7\u00d5ES E\/OU DE A\u00c7\u00d5ES TOMADAS RESULTANTES DE INVESTIGA\u00c7\u00d5ES TANTO DA EMPRESA QUANTO DAS AUTORIDADES DE JUSTI\u00c7A COMPETENTES.<\/p>\n\n\n\n<p>AquarismoMarinho.com.br &#8211; CNPJ: 11.479.153\/0001-80<br>Rua Argeu Guimar\u00e3es, S\u00e3o Paulo &#8211; SP, Brasil. CEP 03625-020<br><a href=\"mailto:contato@aquarismomarinho.com.br\">contato@aquarismomarinho.com.br<\/a><br><\/p>\n","protected":false},"excerpt":{"rendered":"<p>Estes termos de servi\u00e7o regulam o uso deste site. Ao acess\u00e1-lo voc\u00ea concorda com estes termos. Por favor, consulte regularmente os nossos termos de servi\u00e7o. Acesso ao site Para acessar a esse site ou alguns dos recursos que ele oferece, pode ser requerido que voc\u00ea forne\u00e7a alguns detalhes para inscri\u00e7\u00e3o [&hellip;]<\/p>\n","protected":false},"author":1,"featured_media":0,"parent":0,"menu_order":0,"comment_status":"closed","ping_status":"closed","template":"","meta":{"footnotes":""},"class_list":["post-119","page","type-page","status-publish","hentry"],"yoast_head":"<!-- This site is optimized with the Yoast SEO plugin v27.1.1 - https:\/\/yoast.com\/product\/yoast-seo-wordpress\/ -->\n<title>Termos de uso - Blog<\/title>\n<meta name=\"description\" content=\"Estes termos de servi\u00e7o regulam o uso deste site. Ao acess\u00e1-lo voc\u00ea concorda com estes termos. Por favor, consulte regularmente os nossos termos de servi\u00e7o.\" \/>\n<meta name=\"robots\" content=\"index, follow, max-snippet:-1, max-image-preview:large, max-video-preview:-1\" \/>\n<link rel=\"canonical\" href=\"https:\/\/www.aquarismomarinho.com.br\/blog\/termos-de-uso\/\" \/>\n<meta property=\"og:locale\" content=\"pt_BR\" \/>\n<meta property=\"og:type\" content=\"article\" \/>\n<meta property=\"og:title\" content=\"Termos de uso - Blog\" \/>\n<meta property=\"og:description\" content=\"Estes termos de servi\u00e7o regulam o uso deste site. Ao acess\u00e1-lo voc\u00ea concorda com estes termos. Por favor, consulte regularmente os nossos termos de servi\u00e7o.\" \/>\n<meta property=\"og:url\" content=\"https:\/\/www.aquarismomarinho.com.br\/blog\/termos-de-uso\/\" \/>\n<meta property=\"og:site_name\" content=\"Blog\" \/>\n<meta property=\"article:modified_time\" content=\"2020-04-05T17:51:23+00:00\" \/>\n<meta property=\"og:image\" content=\"https:\/\/www.aquarismomarinho.com.br\/blog\/wp-content\/uploads\/2020\/04\/foto-cabecario3.jpg\" \/>\n\t<meta property=\"og:image:width\" content=\"1280\" \/>\n\t<meta property=\"og:image:height\" content=\"653\" \/>\n\t<meta property=\"og:image:type\" content=\"image\/jpeg\" \/>\n<meta name=\"twitter:card\" content=\"summary_large_image\" \/>\n<meta name=\"twitter:label1\" content=\"Est. tempo de leitura\" \/>\n\t<meta name=\"twitter:data1\" content=\"8 minutos\" \/>\n<script type=\"application\/ld+json\" class=\"yoast-schema-graph\">{\"@context\":\"https:\/\/schema.org\",\"@graph\":[{\"@type\":\"WebPage\",\"@id\":\"https:\/\/www.aquarismomarinho.com.br\/blog\/termos-de-uso\/\",\"url\":\"https:\/\/www.aquarismomarinho.com.br\/blog\/termos-de-uso\/\",\"name\":\"Termos de uso - Blog\",\"isPartOf\":{\"@id\":\"https:\/\/www.aquarismomarinho.com.br\/blog\/#website\"},\"datePublished\":\"2020-04-05T17:18:46+00:00\",\"dateModified\":\"2020-04-05T17:51:23+00:00\",\"description\":\"Estes termos de servi\u00e7o regulam o uso deste site. Ao acess\u00e1-lo voc\u00ea concorda com estes termos. Por favor, consulte regularmente os nossos termos de servi\u00e7o.\",\"breadcrumb\":{\"@id\":\"https:\/\/www.aquarismomarinho.com.br\/blog\/termos-de-uso\/#breadcrumb\"},\"inLanguage\":\"pt-BR\",\"potentialAction\":[{\"@type\":\"ReadAction\",\"target\":[\"https:\/\/www.aquarismomarinho.com.br\/blog\/termos-de-uso\/\"]}]},{\"@type\":\"BreadcrumbList\",\"@id\":\"https:\/\/www.aquarismomarinho.com.br\/blog\/termos-de-uso\/#breadcrumb\",\"itemListElement\":[{\"@type\":\"ListItem\",\"position\":1,\"name\":\"Home\",\"item\":\"https:\/\/www.aquarismomarinho.com.br\/blog\/\"},{\"@type\":\"ListItem\",\"position\":2,\"name\":\"Termos de uso\"}]},{\"@type\":\"WebSite\",\"@id\":\"https:\/\/www.aquarismomarinho.com.br\/blog\/#website\",\"url\":\"https:\/\/www.aquarismomarinho.com.br\/blog\/\",\"name\":\"Blog\",\"description\":\"Aprenda TUDO sobre Aqu\u00e1rios Marinhos\",\"publisher\":{\"@id\":\"https:\/\/www.aquarismomarinho.com.br\/blog\/#\/schema\/person\/8f9e58e9950d93e5b46d941028ebae0a\"},\"potentialAction\":[{\"@type\":\"SearchAction\",\"target\":{\"@type\":\"EntryPoint\",\"urlTemplate\":\"https:\/\/www.aquarismomarinho.com.br\/blog\/?s={search_term_string}\"},\"query-input\":{\"@type\":\"PropertyValueSpecification\",\"valueRequired\":true,\"valueName\":\"search_term_string\"}}],\"inLanguage\":\"pt-BR\"},{\"@type\":[\"Person\",\"Organization\"],\"@id\":\"https:\/\/www.aquarismomarinho.com.br\/blog\/#\/schema\/person\/8f9e58e9950d93e5b46d941028ebae0a\",\"name\":\"Equipe\",\"image\":{\"@type\":\"ImageObject\",\"inLanguage\":\"pt-BR\",\"@id\":\"https:\/\/www.aquarismomarinho.com.br\/blog\/#\/schema\/person\/image\/\",\"url\":\"https:\/\/www.aquarismomarinho.com.br\/blog\/wp-content\/uploads\/2020\/04\/face-icon.png\",\"contentUrl\":\"https:\/\/www.aquarismomarinho.com.br\/blog\/wp-content\/uploads\/2020\/04\/face-icon.png\",\"width\":755,\"height\":755,\"caption\":\"Equipe\"},\"logo\":{\"@id\":\"https:\/\/www.aquarismomarinho.com.br\/blog\/#\/schema\/person\/image\/\"},\"sameAs\":[\"https:\/\/aquarismomarinho.com.br\/blog\"]}]}<\/script>\n<!-- \/ Yoast SEO plugin. -->","yoast_head_json":{"title":"Termos de uso - Blog","description":"Estes termos de servi\u00e7o regulam o uso deste site. Ao acess\u00e1-lo voc\u00ea concorda com estes termos. Por favor, consulte regularmente os nossos termos de servi\u00e7o.","robots":{"index":"index","follow":"follow","max-snippet":"max-snippet:-1","max-image-preview":"max-image-preview:large","max-video-preview":"max-video-preview:-1"},"canonical":"https:\/\/www.aquarismomarinho.com.br\/blog\/termos-de-uso\/","og_locale":"pt_BR","og_type":"article","og_title":"Termos de uso - Blog","og_description":"Estes termos de servi\u00e7o regulam o uso deste site. Ao acess\u00e1-lo voc\u00ea concorda com estes termos. Por favor, consulte regularmente os nossos termos de servi\u00e7o.","og_url":"https:\/\/www.aquarismomarinho.com.br\/blog\/termos-de-uso\/","og_site_name":"Blog","article_modified_time":"2020-04-05T17:51:23+00:00","og_image":[{"width":1280,"height":653,"url":"https:\/\/www.aquarismomarinho.com.br\/blog\/wp-content\/uploads\/2020\/04\/foto-cabecario3.jpg","type":"image\/jpeg"}],"twitter_card":"summary_large_image","twitter_misc":{"Est. tempo de leitura":"8 minutos"},"schema":{"@context":"https:\/\/schema.org","@graph":[{"@type":"WebPage","@id":"https:\/\/www.aquarismomarinho.com.br\/blog\/termos-de-uso\/","url":"https:\/\/www.aquarismomarinho.com.br\/blog\/termos-de-uso\/","name":"Termos de uso - Blog","isPartOf":{"@id":"https:\/\/www.aquarismomarinho.com.br\/blog\/#website"},"datePublished":"2020-04-05T17:18:46+00:00","dateModified":"2020-04-05T17:51:23+00:00","description":"Estes termos de servi\u00e7o regulam o uso deste site. Ao acess\u00e1-lo voc\u00ea concorda com estes termos. Por favor, consulte regularmente os nossos termos de servi\u00e7o.","breadcrumb":{"@id":"https:\/\/www.aquarismomarinho.com.br\/blog\/termos-de-uso\/#breadcrumb"},"inLanguage":"pt-BR","potentialAction":[{"@type":"ReadAction","target":["https:\/\/www.aquarismomarinho.com.br\/blog\/termos-de-uso\/"]}]},{"@type":"BreadcrumbList","@id":"https:\/\/www.aquarismomarinho.com.br\/blog\/termos-de-uso\/#breadcrumb","itemListElement":[{"@type":"ListItem","position":1,"name":"Home","item":"https:\/\/www.aquarismomarinho.com.br\/blog\/"},{"@type":"ListItem","position":2,"name":"Termos de uso"}]},{"@type":"WebSite","@id":"https:\/\/www.aquarismomarinho.com.br\/blog\/#website","url":"https:\/\/www.aquarismomarinho.com.br\/blog\/","name":"Blog","description":"Aprenda TUDO sobre Aqu\u00e1rios Marinhos","publisher":{"@id":"https:\/\/www.aquarismomarinho.com.br\/blog\/#\/schema\/person\/8f9e58e9950d93e5b46d941028ebae0a"},"potentialAction":[{"@type":"SearchAction","target":{"@type":"EntryPoint","urlTemplate":"https:\/\/www.aquarismomarinho.com.br\/blog\/?s={search_term_string}"},"query-input":{"@type":"PropertyValueSpecification","valueRequired":true,"valueName":"search_term_string"}}],"inLanguage":"pt-BR"},{"@type":["Person","Organization"],"@id":"https:\/\/www.aquarismomarinho.com.br\/blog\/#\/schema\/person\/8f9e58e9950d93e5b46d941028ebae0a","name":"Equipe","image":{"@type":"ImageObject","inLanguage":"pt-BR","@id":"https:\/\/www.aquarismomarinho.com.br\/blog\/#\/schema\/person\/image\/","url":"https:\/\/www.aquarismomarinho.com.br\/blog\/wp-content\/uploads\/2020\/04\/face-icon.png","contentUrl":"https:\/\/www.aquarismomarinho.com.br\/blog\/wp-content\/uploads\/2020\/04\/face-icon.png","width":755,"height":755,"caption":"Equipe"},"logo":{"@id":"https:\/\/www.aquarismomarinho.com.br\/blog\/#\/schema\/person\/image\/"},"sameAs":["https:\/\/aquarismomarinho.com.br\/blog"]}]}},"_links":{"self":[{"href":"https:\/\/www.aquarismomarinho.com.br\/blog\/wp-json\/wp\/v2\/pages\/119","targetHints":{"allow":["GET"]}}],"collection":[{"href":"https:\/\/www.aquarismomarinho.com.br\/blog\/wp-json\/wp\/v2\/pages"}],"about":[{"href":"https:\/\/www.aquarismomarinho.com.br\/blog\/wp-json\/wp\/v2\/types\/page"}],"author":[{"embeddable":true,"href":"https:\/\/www.aquarismomarinho.com.br\/blog\/wp-json\/wp\/v2\/users\/1"}],"replies":[{"embeddable":true,"href":"https:\/\/www.aquarismomarinho.com.br\/blog\/wp-json\/wp\/v2\/comments?post=119"}],"version-history":[{"count":0,"href":"https:\/\/www.aquarismomarinho.com.br\/blog\/wp-json\/wp\/v2\/pages\/119\/revisions"}],"wp:attachment":[{"href":"https:\/\/www.aquarismomarinho.com.br\/blog\/wp-json\/wp\/v2\/media?parent=119"}],"curies":[{"name":"wp","href":"https:\/\/api.w.org\/{rel}","templated":true}]}}